 -55. What is the remainder when 74 is divided by j?
17
Suppose 2*a + 574 - 192 = 2*r, 3*a - 573 = -3*r. What is the remainder when r is divided by 48?
47
Let l(c) = -c**2 - 2*c. Let f be l(-5). Calculate the remainder when ((-153)/(-6))/(f/(-20)) is divided by 18.
16
Let i(y) = y**2 + 3. Suppose 8 + 8 = 4*j. Suppose 4*g = -2*a + 64, -3*a + j + 47 = -3*g. Calculate the remainder when a is divided by i(3).
10
Let w(m) = -m**2 - 10*m - 7. Let d be w(-9). Suppose -5*s - 174 = -3*g, 108 = 4*g - d*s - 110. Calculate the remainder when g is divided by 14.
11
Let m = 6 + 7. Suppose -3*a - 2 = -14. What is the remainder when m is divided by a?
1
Suppose -3*v + 28 = u - 7*v, 0 = -4*u + 4*v + 76. What is the remainder when 47 is divided by u?
15
Suppose 0 = 5*v - 2*x - 227, 0 = -0*v + 2*v - 4*x - 94. Let n = v + -27. Calculate the remainder when 4/(-18) + 897/27 is divided by n.
15
What is the remainder when 78 is divided by -9 - (-455)/21 - (-2)/(-3)?
6
Let r(c) = 5 + c + 16 + c**3 - 4. Let w(l) = l**3 - 7*l**2 + 7*l - 6. Let f be w(6). Calculate the remainder when r(f) is divided by 6.
5
Let m = -70 - -102. Calculate the remainder when m is divided by 9.
5
Let b(t) = -2*t**3 + 5*t + 9. What is the remainder when b(-4) is divided by 24?
21
Let l(h) = -3*h - 2. Let b(c) = -7*c - 5. Let z(r) = -2*b(r) + 5*l(r). Suppose -5*u - 30 = -0. Calculate the remainder when 11 is divided by z(u).
5
Let u be (-195)/12*(-2 - 2). Let v be u/9 + 2/(-9). Suppose -v = -4*m + 145. What is the remainder when m is divided by 13?
12
Suppose g - 2*j = 12, 5*g + 5 = 5*j + 40. Suppose -g*f = 2*l - f + 97, -72 = 2*l - 4*f. Let y = 64 + l. Calculate the remainder when 71 is divided by y.
17
Suppose 0 = 4*d - 0*w + 3*w - 124, -d + 4*w + 12 = 0. What is the remainder when d is divided by (30/8)/(9/24)?
8
Let y(r) = r**3 + 5*r**2 - 3. Suppose 2*w - 3*j + 14 = -0*w, -w + 4 = 4*j. Calculate the remainder when y(w) is divided by 5.
3
Suppose -15 = 5*b, -b - 13 = -u + 3*b. Calculate the remainder when 10 is divided by (6/(-5))/(u/(-5)).
4
Suppose 4*b = -4 - 0, -46 = -5*s + b. Suppose 0*h + 5*h - 10 = 0. Suppose -3*i - 3 = -2*i, -20 = -h*m + 4*i. What is the remainder when s is divided by m?
1
Let m = -53 + 60. What is the remainder when 55 is divided by m?
6
Let h(k) = -2*k - 1 + 5 + 3*k**3 + 6*k**2 - 4*k**3. Suppose 0 = -2*a - 3*a + 20. What is the remainder when h(a) is divided by 15?
13
Let b(l) = -3 + 3*l**2 - 2*l**2 - 2*l + 2 - 5. Let f(y) = 10*y**2 + 4*y + 2. What is the remainder when f(-2) is divided by b(-4)?
16
Let i be 2 + ((-2)/1 - -5). Suppose 0 = b + u, b + 0 = -2*u - i. Calculate the remainder when 8 is divided by b.
3
Suppose -8*o + 13*o - 25 = 0. Suppose -4*t = -16, t + 20 = 4*h + 2*t. Calculate the remainder when o is divided by h.
1
Let u = 73 + -45. Let m = -11 + u. Let c = m - -6. Calculate the remainder when c is divided by 8.
7
Suppose r = 85 + 51. Calculate the remainder when r is divided by 23.
21
Suppose -5*a + 17 = 2*q - 16, -4*q = 4*a - 36. Suppose -3*l - c + 26 = 0, q*l - 23 = -3*c + 15. What is the remainder when 14 is divided by l?
6
Let b(i) = -2*i - 1. Let l(m) = m. Let t(z) = b(z) + 4*l(z). Calculate the remainder when t(5) is divided by 3.
0
Let w be (-3 + 3)*(-1)/1. Let r = 7 + w. What is the remainder when 26 is divided by r?
5
Let c = -23 - -29. Calculate the remainder when 10 is divided by c.
4
Let q = 18 - -6. Suppose 0 = 4*f - 20, -4*v + 2*f = -79 - 179. Suppose 0 = 2*c + 2*x - 7*x - v, -4*x = -c + 26. What is the remainder when c is divided by q?
22
What is the remainder when 75 is divided by (-4)/(-10) - -52*3/10?
11
Suppose 2*j + 14 = y, -4*y - 22 = -2*j - 72. What is the remainder when ((-2)/2)/(1/(-33)) is divided by y?
9
What is the remainder when 125 is divided by (-12)/2*64/(-12)?
29
Let s = -78 + 117. Suppose 5*t + 1 = -3*d, -6*d - 3*t = -d - 9. Suppose -61 = -d*y - 2*u, -3*y = -5*y - u + s. What is the remainder when 33 is divided by y?
16
Suppose 2*b + w = 34, 41 = 3*b - 0*w + 4*w. Calculate the remainder when 75 is divided by b.
18
Let g be (-2 - -2)/(2 + -1). Let m(y) = 4*y**2 + 2*y + 0*y**2 + 1 + g. Calculate the remainder when m(-3) is divided by 16.
15
Suppose 5*y - 4*x = -6 + 36, -2*x - 10 = 0. Suppose -f - y + 5 = 0. Suppose 6*a + 2*a = 64. What is the remainder when a is divided by f?
2
Let a(w) = 4*w**2 - 2*w - 3. Calculate the remainder when a(3) is divided by 7.
6
Suppose -4 = -3*a + 2*h, -4*a + 5*a + 3*h - 5 = 0. Suppose -2*u = a - 42. Calculate the remainder when u is divided by 11.
9
Suppose 2*x - 834 = -x. Suppose -2*t - 42 = -5*a + x, 3*t = 2*a - 139. Suppose -3*r = -5*r + a. Calculate the remainder when r is divided by 16.
15
Let d(n) = n**2 + 4*n + 32. Calculate the remainder when d(0) is divided by 11.
10
Let h = 70 + -36. Let n = h - 26. Calculate the remainder when 21 is divided by n.
5
Let v(o) = o**3 - 2*o**2 + 2*o - 3. What is the remainder when 2/25 - 2619/(-75) is divided by v(3)?
11
Suppose -h - 22 = -1. Calculate the remainder when (-6)/h + (-748)/(-28) is divided by 15.
12
Let i = 48 - 30. Calculate the remainder when 34 is divided by i.
16
Let t = 12 + 11. What is the remainder when t is divided by 8?
7
Let k(h) = -4*h**2 - 2*h + 1. Let i be k(1). What is the remainder when 37 is divided by (i/(5/(-19)))/1?
18
Let j(f) = 11*f**2 + 18*f + 9. Let l(w) = -5*w**2 - 9*w - 4. Let n(a) = 4*j(a) + 9*l(a). What is the remainder when 40 is divided by n(-7)?
12
Let y = 314 - 300. Calculate the remainder when 394/10 + (-2)/5 is divided by y.
11
Suppose -114 - 33 = 3*j. Let y = -29 - j. What is the remainder when 38 is divided by y?
18
Let m = -32 + 57. Calculate the remainder when m is divided by 7.
4
Suppose -68 = -5*a + 7. Suppose 5*s - n - 30 = 0, s + 2*n = 3*n + 6. What is the remainder when a is divided by s?
3
Let a(z) = -z**2 + 5*z + 7. Let k be a(5). Suppose 2*n - k = 19. Suppose 0 = -3*s + 92 - 20. What is the remainder when s is divided by n?
11
Let x = -40 - -56. Let h(d) = -8*d**2 - 1. Let f be h(1). Calculate the remainder when (-6)/f + 176/6 is divided by x.
14
Suppose 2*o - 40 = -2*o. Calculate the remainder when 28 is divided by o.
8
Suppose 132 = 3*y + y - 5*p, -p = 0. Let h = y - 22. Suppose -3*t + 6 = 3*g, 0 = 5*g + 2*t - 8 - 8. Calculate the remainder when h is divided by g.
3
Suppose -4*u - 348 = -4*p, -3*p + 263 + 12 = 4*u. What is the remainder when p is divided by 18?
17
Let s(q) = 34*q**2 - 3*q + 7. Calculate the remainder when s(2) is divided by 35.
32
Suppose 7*w + 65 = 114. Calculate the remainder when (-1)/((-15)/(-24))*-20 is divided by w.
4
Let w be (3 - 3 - -1)*-5. What is the remainder when 11 is divided by 30/(-9)*6/w?
3
Let s(n) = -n**3 + 4*n**2 + 7*n + 1. Suppose 0*k = k - 4. Suppose -r = k*r - 30. Calculate the remainder when s(5) is divided by r.
5
Let x = 14 + -19. Let l(z) = -3*z + 6. Calculate the remainder when l(x) is divided by 12.
9
Suppose -4*m = -80 - 8. What is the remainder when 86 is divided by m?
20
Let d = 21 - 34. Let r = 19 + d. Let u(t) = 4*t - 2. Calculate the remainder when 42 is divided by u(r).
20
Calculate the remainder when 37 is divided by 1/(((-4)/26)/(-2)).
11
Let n(d) = 7*d. Let a = 184 - 129. Calculate the remainder when a is divided by n(2).
13
Let c = 11 - -4. Calculate the remainder when c is divided by 4.
3
Let s be 3 + 7/(28/(-24)). What is the remainder when 19 is divided by (-2 - -15) + (s - -1)?
8
Suppose 3*h - 69 = -0*h. Let f be (-10)/(-8) + (-2)/8. Calculate the remainder when h is divided by (16/(-10))/(f/(-5)).
7
Suppose 0 = -7*p + 2*p. Let g = p - -2. Suppose 13 = c - z + 4, -42 = -5*c + g*z. Calculate the remainder when 14 is divided by c.
6
Let n(q) = q**3 - 2*q**2 + 2*q. Let h be n(2). Suppose -65 = -h*x - 5*d, -3*x - 2*d = -5*d - 42. Calculate the remainder when (37/4 + -2)*4 is divided by x.
14
Suppose 2*n + 25 = 4*o + 3, 4*n = 2*o - 26. Suppose 3*b + 24 = 3*f, -f - 3*f = 4*b - 40. What is the remainder when f is divided by o?
0
Let a = 19 + -19. Suppose 0*n - 4*n + 40 = a. What is the remainder when n is divided by 3?
1
Suppose -5*s - 26 = 2*g - 10*s, -20 = 4*g - 2*s. Let c = 18 - g. What is the remainder when c is divided by 11?
10
Suppose -18 = -3*n + 3*l, -24 = -n - 5*l + 6. What is the remainder when 36 is divided by n?
6
Le